s the units digit of 36390843?
3
What is the millions digit of 120433008?
0
What is the hundred millions digit of 290111715?
2
What is the millions digit of 4210410814?
0
What is the thousands digit of 3429123338?
3
What is the millions digit of 2844578328?
4
What is the billions digit of 2674705674?
2
What is the units digit of 77107870?
0
What is the units digit of 956299858?
8
What is the hundred millions digit of 5871000692?
8
What is the tens digit of 76220100?
0
What is the hundreds digit of 388063477?
4
What is the tens digit of 5104296289?
8
What is the ten thousands digit of 184217761?
1
What is the hundred millions digit of 237787429?
2
What is the hundred thousands digit of 5475300?
4
What is the millions digit of 332464376?
2
What is the units digit of 60351167?
7
What is the hundreds digit of 80096361?
3
What is the billions digit of 1056471287?
1
What is the tens digit of 1219036424?
2
What is the units digit of 93098495?
5
What is the thousands digit of 153935132?
5
What is the units digit of 224204049?
9
What is the millions digit of 279784460?
9
What is the millions digit of 104356953?
4
What is the thousands digit of 157341127?
1
What is the hundred thousands digit of 985733836?
7
What is the millions digit of 733617721?
3
What is the billions digit of 1414524206?
1
What is the thousands digit of 7497048?
7
What is the hundreds digit of 506191553?
5
What is the tens digit of 7283801517?
1
What is the thousands digit of 69442432?
2
What is the hundred thousands digit of 884054085?
0
What is the hundred millions digit of 6457401580?
4
What is the ten thousands digit of 116790338?
9
What is the hundred thousands digit of 254062658?
0
What is the hundred millions digit of 516347998?
5
What is the hundred millions digit of 426448331?
4
What is the units digit of 170189018?
8
What is the ten millions digit of 4127616139?
2
What is the millions digit of 334834287?
4
What is the millions digit of 211018439?
1
What is the billions digit of 1015130149?
1
What is the hundred thousands digit of 293833834?
8
What is the hundreds digit of 723696062?
0
What is the hundred thousands digit of 161027432?
0
What is the ten millions digit of 94235811?
9
What is the hundreds digit of 3350608491?
4
What is the ten thousands digit of 5546688537?
8
What is the billions digit of 3042370235?
3
What is the tens digit of 8893666?
6
What is the ten thousands digit of 14958075?
5
What is the hundred thousands digit of 7462331?
4
What is the units digit of 4874175?
5
What is the ten thousands digit of 304993345?
9
What is the hundred thousands digit of 7080922742?
9
What is the units digit of 2341595227?
7
What is the units digit of 63860929?
9
What is the ten thousands digit of 30353126?
5
What is the millions digit of 1532133235?
2
What is the tens digit of 256232893?
9
What is the units digit of 327666041?
1
What is the hundred thousands digit of 45063132?
0
What is the millions digit of 2245434903?
5
What is the ten millions digit of 23471925?
2
What is the hundreds digit of 927634404?
4
What is the ten thousands digit of 1160502775?
0
What is the ten thousands digit of 102575588?
7
What is the hundred thousands digit of 57427296?
4
What is the hundreds digit of 958193682?
6
What is the ten thousands digit of 140063488?
6
What is the hundreds digit of 19673304?
3
What is the millions digit of 3940780?
3
What is the tens digit of 1039043602?
0
What is the ten thousands digit of 132820458?
2
What is the ten millions digit of 50974071?
5
What is the hundreds digit of 144956867?
8
What is the ten thousands digit of 291566932?
6
What is the ten thousands digit of 169691027?
9
What is the millions digit of 37553029?
7
What is the millions digit of 154985389?
4
What is the ten thousands digit of 451289610?
8
What is the millions digit of 132259936?
2
What is the units digit of 82436718?
8
What is the hundreds digit of 1035177542?
5
What is the tens digit of 170405605?
0
What is the tens digit of 61187146?
4
What is the millions digit of 1796953284?
6
What is the hundreds digit of 4162216314?
3
What is the thousands digit of 14634302?
4
What is the hundred thousands digit of 54249367?
2
What is the hundreds digit of 109158456?
4
What is the hundreds digit of 164112519?
5
What is the millions digit of 3385152568?
5
What is the tens digit of 730834330?
3
What is the tens digit of 544913355?
5
What is the thousands digit of 65199042?
9
What is the millions digit of 133208693?
3
What is the hundreds digit of 59134576?
5
What is the ten thousands digit of 3024922?
2
What is the tens digit of 1176805245?
4
What is the hundred millions digit of 639416466?
6
What is the millions digit of 10189768?
0
What is the millions digit of 429185095?
9
What is the hundred thousands digit of 71718944?
7
What is the hundred thousands digit of 299209422?
2
What is the hundred thousands digit of 38777459?
7
What is the ten millions digit of 1612097077?
1
What is the hundreds digit of 35134002?
0
What is the tens digit of 309172249?
4
What is the tens digit of 85709302?
0
What is the thousands digit of 126347211?
7
What is the hundred thousands digit of 892111548?
1
What is the ten thousands digit of 185629005?
2
What is the hundred thousands digit of 4737870?
7
What is the units digit of 3517905912?
2
What is the tens digit of 575897150?
5
What is the ten thousands digit of 250161558?
6
What is the billions digit of 1195490590?
1
What is the ten thousands digit of 3144193228?
9
What is the ten millions digit of 7688809161?
8
What is the ten millions digit of 17781975?
1
What is the millions digit of 194800410?
4
What is the thousands digit of 3685646386?
6
What is the hundred millions digit of 284681612?
2
What is the units digit of 83682636?
6
What is the thousands digit of 205111585?
1
What is the hundreds digit of 1192926765?
7
What is the hundred millions digit of 1676836119?
6
What is the ten thousands digit of 75136739?
3
What is the billions digit of 5005231070?
5
What is the ten millions digit of 86286720?
8
What is the tens digit of 7052009?
0
What is the ten millions digit of 463229605?
6
What is the thousands digit of 1352800720?
0
What is the hundred thousands digit of 22152147?
1
What is the millions digit of 150460402?
0
What is the ten thousands digit of 148173398?
7
What is the hundred thousands digit of 91301000?
3
What is the ten thousands digit of 219681221?
8
What is the thousands digit of 90702293?
2
What is the thousands digit of 30619743?
9
What is the thousands digit of 448545368?
5
What is the hundred thousands digit of 379813704?
8
What is the units digit of 3498540091?
1
What is the thousands digit of 393187388?
7
What is the units digit of 719749761?
1
What is the hundred thousands digit of 388294909?
2
What is the millions digit of 41637814?
1
What is the millions digit of 1762707611?
2
What is the ten millions digit of 17842582?
1
What is the tens digit of 405116978?
7
What is the billions digit of 1458331617?
1
What is the hundreds digit of 5578111?
1
What is the units digit of 887665400?
0
What is the ten thousands digit of 40216190?
1
What is the units digit of 3733802449?
9
What is the hundred millions digit of 581927016?
5
What is the hundreds digit of 903479912?
9
What is the thousands digit of 152241981?
1
What is the tens digit of 159846903?
0
What is the ten thousands digit of 61744068?
4
What is the thousands digit of 4221786004?
6
What is the hundred thousands digit of 1082108863?
1
What is the tens digit of 798494960?
6
What is the millions digit of 3681757879?
1
What is the ten millions digit of 513211143?
1
What is the ten millions digit of 38312556?
3
What is the hundreds digit of 335150797?
7
What is the millions digit of 1114100380?
4
What is the ten millions digit of 56673062?
5
What is the thousands digit of 4778679171?
9
What is the thousands digit of 1155055280?
5
What is the thousands digit of 26816896?
6
What is the hundreds digit of 321228219?
2
What is the ten thousands digit of 3662115156?
1
What is the thousands digit of 7423046543?
6
What is the thousands digit of 672722540?
2
What is the hundred millions digit of 229093019?
2
What is the thousands digit of 4459187922?
7
What is the thousands digit of 633018772?
8
What i